?
4
What is the thousands digit of 93201?
3
What is the thousands digit of 10728?
0
What is the hundreds digit of 1974?
9
What is the tens digit of 552?
5
What is the units digit of 817?
7
What is the thousands digit of 4057?
4
What is the units digit of 1292?
2
What is the ten thousands digit of 122329?
2
What is the units digit of 47917?
7
What is the tens digit of 617?
1
What is the thousands digit of 1863?
1
What is the units digit of 11573?
3
What is the units digit of 12500?
0
What is the units digit of 1171?
1
What is the hundreds digit of 57304?
3
What is the units digit of 6728?
8
What is the tens digit of 11637?
3
What is the tens digit of 1526?
2
What is the tens digit of 28152?
5
What is the hundreds digit of 539?
5
What is the thousands digit of 55195?
5
What is the hundreds digit of 6548?
5
What is the tens digit of 8344?
4
What is the tens digit of 4589?
8
What is the tens digit of 7515?
1
What is the units digit of 2487?
7
What is the tens digit of 9873?
7
What is the tens digit of 4220?
2
What is the units digit of 83186?
6
What is the hundreds digit of 470?
4
What is the units digit of 6737?
7
What is the hundreds digit of 434?
4
What is the ten thousands digit of 99386?
9
What is the thousands digit of 1914?
1
What is the units digit of 617?
7
What is the tens digit of 2026?
2
What is the hundreds digit of 59234?
2
What is the thousands digit of 2731?
2
What is the thousands digit of 3024?
3
What is the thousands digit of 9202?
9
What is the units digit of 67?
7
What is the tens digit of 799?
9
What is the thousands digit of 1331?
1
What is the units digit of 416?
6
What is the units digit of 43308?
8
What is the thousands digit of 35118?
5
What is the hundreds digit of 429?
4
What is the hundreds digit of 18288?
2
What is the thousands digit of 13721?
3
What is the thousands digit of 16803?
6
What is the thousands digit of 77853?
7
What is the tens digit of 18371?
7
What is the tens digit of 1001?
0
What is the thousands digit of 1932?
1
What is the units digit of 863?
3
What is the ten thousands digit of 112706?
1
What is the units digit of 1524?
4
What is the ten thousands digit of 20848?
2
What is the units digit of 1950?
0
What is the hundreds digit of 2293?
2
What is the hundreds digit of 863?
8
What is the tens digit of 1907?
0
What is the tens digit of 542?
4
What is the tens digit of 5946?
4
What is the thousands digit of 14843?
4
What is the thousands digit of 4391?
4
What is the thousands digit of 3528?
3
What is the tens digit of 17840?
4
What is the thousands digit of 11682?
1
What is the tens digit of 66367?
6
What is the units digit of 16907?
7
What is the thousands digit of 2881?
2
What is the hundreds digit of 43628?
6
What is the hundreds digit of 2315?
3
What is the thousands digit of 4939?
4
What is the thousands digit of 14650?
4
What is the hundreds digit of 11221?
2
What is the ten thousands digit of 13291?
1
What is the units digit of 221?
1
What is the hundreds digit of 509?
5
What is the tens digit of 1070?
7
What is the units digit of 850?
0
What is the hundreds digit of 2958?
9
What is the units digit of 37760?
0
What is the tens digit of 1035?
3
What is the units digit of 470?
0
What is the ten thousands digit of 76344?
7
What is the hundreds digit of 6791?
7
What is the hundreds digit of 1211?
2
What is the ten thousands digit of 40151?
4
What is the units digit of 49874?
4
What is the hundreds digit of 130?
1
What is the units digit of 939?
9
What is the units digit of 45570?
0
What is the hundreds digit of 60372?
3
What is the thousands digit of 1537?
1
What is the thousands digit of 1065?
1
What is the units digit of 301?
1
What is the thousands digit of 44047?
4
What is the thousands digit of 23607?
3
What is the ten thousands digit of 42996?
4
What is the hundreds digit of 3382?
3
What is the thousands digit of 57308?
7
What is the hundreds digit of 18985?
9
What is the hundreds digit of 67069?
0
What is the tens digit of 628?
2
What is the thousands digit of 15865?
5
What is the units digit of 4525?
5
What is the tens digit of 3398?
9
What is the hundreds digit of 11494?
4
What is the thousands digit of 13684?
3
What is the tens digit of 1451?
5
What is the units digit of 16381?
1
What is the units digit of 975?
5
What is the ten thousands digit of 131533?
3
What is the thousands digit of 3399?
3
What is the ten thousands digit of 17324?
1
What is the thousands digit of 2053?
2
What is the thousands digit of 3993?
3
What is the units digit of 219?
9
What is the thousands digit of 6513?
6
What is the units digit of 8147?
7
What is the tens digit of 1195?
9
What is the units digit of 117755?
5
What is the hundreds digit of 7386?
3
What is the thousands digit of 3943?
3
What is the units digit of 2?
2
What is the hundreds digit of 5807?
8
What is the tens digit of 432?
3
What is the tens digit of 2732?
3
What is the tens digit of 163747?
4
What is the hundreds digit of 1320?
3
What is the units digit of 990?
0
What is the hundreds digit of 815?
8
What is the tens digit of 23492?
9
What is the tens digit of 19783?
8
What is the tens digit of 7800?
0
What is the units digit of 6404?
4
What is the tens digit of 96?
9
What is the hundreds digit of 6657?
6
What is the units digit of 9709?
9
What is the hundreds digit of 6913?
9
What is the units digit of 12202?
2
What is the units digit of 652?
2
What is the hundreds digit of 65749?
7
What is the ten thousands digit of 19584?
1
What is the units digit of 11093?
3
What is the thousands digit of 44643?
4
What is the thousands digit of 1282?
1
What is the ten thousands digit of 14118?
1
What is the hundreds digit of 15833?
8
What is the tens digit of 52622?
2
What is the units digit of 5145?
5
What is the tens digit of 2813?
1
What is the hundreds digit of 3605?
6
What is the units digit of 10411?
1
What is the ten thousands digit of 57155?
5
What is the thousands digit of 1719?
1
What is the units digit of 1290?
0
What is the hundreds digit of 2413?
4
What is the units digit of 1714?
4
What is the hundreds digit of 8092?
0
What is the hundreds digit of 103251?
2
What is the tens digit of 3367?
6
What is the tens digit of 985?
8
What is the tens digit of 1571?
7
What is the hundreds digit of 1029?
0
What is the ten thousands digit of 19491?
1
What is the tens digit of 9449?
4
What is the thousands digit of 3254?
3
What is the tens digit of 16982?
8
What is the units digit of 617?
7
What is the tens digit of 757?
5
What is the thousands digit of 4360?
4
What is the thousands digit of 1443?
1
What is the tens digit of 94056?
5
What is the units digit of 254?
4
What is the tens digit of 61306?
0
What is the thousands digit of 2726?
2
What is the thousands digit of 4855?
4
What is the hundreds digit of 3783?
7
What is the units digit of 78092?
2
What is the ten thousands digit of 28212?
2
What is the tens digit of 6490?
9
What is the units digit of 7455?
5
What is the ten thousands digit of 30016?
3
What is the units digit of 1060?
0
What is the hundreds digit of 8423?
4
What is the tens digit of 80064?
6
What is the tens digit of 32458?
5
What is the units digit of 1395?
5
What is the units digit of 14566?
6
What is the hundreds digit of 9433?
4
What is the tens digit of 13085?
8
What is the units digit of 10389?
9
What is the tens digit of 6203?
0
What is the hundreds digit of 85974?
9
What is the tens digit of 3606?
0
What is the ten thousands digit of 14876?
1
What is the hundreds digit of 3093?
0
What is the units digit of 1906?
6
What is the thousands digit of 19306?
9
What is the hundreds digit of 1860?
8
What is the hundreds digit of 13606?
6
What is the hundreds digit of 1825?
8
What is the thousands digit of 2575?
2
What is the units digit of 1372?
2
What is the hundreds digit of 72396?
3
What is the units digit of 4349?
9
What is the tens digit of 7597?
9
What is the units digit of 943?
3
What is the tens digit of 198?
9
What is the units digit of 67134?
4
What is the thousands digit of 8632?
8
What is the thousands digit of 1302?
1
What is the hundreds digit of 4178?
1
What is the hundreds digit of 743?
7
What is the thousands digit of 4389?
4
What is the units digit of 72864?
4
What is the thousands digit of 1558?
1
What is the hundreds